{"id":569,"date":"2025-12-19T13:25:17","date_gmt":"2025-12-19T12:25:17","guid":{"rendered":"https:\/\/sklepik.podgorze.pl\/?post_type=product&#038;p=569"},"modified":"2026-03-02T13:25:33","modified_gmt":"2026-03-02T12:25:33","slug":"przewodnik-po-plaszowie","status":"publish","type":"product","link":"https:\/\/sklepik.podgorze.pl\/index.php\/produkt\/przewodnik-po-plaszowie\/","title":{"rendered":"Przewodnik po P\u0142aszowie"},"content":{"rendered":"<p><span style=\"font-weight: 400;\">Nie jest to, jak zaznaczono we wst\u0119pie, przewodnik po obozie KL Plaszow, a po dawnej gminie, obecnie cz\u0119\u015bci Dzielnicy XIII. Jest to pierwsza pozycja przekrojowo zapoznaj\u0105ca Czytelnika z t\u0105 cz\u0119\u015bci\u0105 Krakowa. Ca\u0142o\u015b\u0107 publikacji obejmuje 128 stron, kt\u00f3re tekstami wype\u0142ni\u0142a czw\u00f3rka autor\u00f3w (trzy osoby i jedno stowarzyszenie). Mamy tu obszerny wst\u0119p, 14 rozdzia\u0142\u00f3w po\u015bwi\u0119conych konkretnym miejscom, 2 spacery, wiele zdj\u0119\u0107 oraz wybran\u0105 bibliografi\u0119 dla zainteresowanych tematem.<\/span><\/p>\n<p><span style=\"font-weight: 400;\">Kto na swych obrazach przedstawia\u0142 p\u0142aszowskie cegielnie i poci\u0105gi na p\u0142aszowskim dworcu, czym by\u0142a \u201e\u015bledziarnia\u201d, od czego pochodzi nazwa ulicy Strycharskiej, gdzie znajdowa\u0142y si\u0119 dawne p\u0142aszowskie zak\u0142ady przemys\u0142owe, co mie\u015bci\u0142o si\u0119 niegdy\u015b pod adresem My\u015bliwska 52, kiedy i dlaczego zr\u00f3wnano kiedy\u015b z ziemi\u0105 Ma\u0142y P\u0142asz\u00f3w \u2013 to tylko niekt\u00f3re pytania, na kt\u00f3re znajdziemy odpowied\u017a w tej niewielkiej ksi\u0105\u017ceczce.<\/span><\/p>\n<p><a href=\"https:\/\/sklepik.podgorze.pl\/wp-content\/uploads\/2025\/12\/spis_tresci.pdf\" target=\"_blank\" rel=\"noopener\">spis_tresci<\/a><\/p>\n","protected":false},"excerpt":{"rendered":"<p>Pierwsze wydanie przewodnika po P\u0142aszowie &#8211; dawnej gminie, obecnie cz\u0119\u015bci dzielnicy XIII.<\/p>\n","protected":false},"featured_media":570,"template":"","meta":[],"product_brand":[],"product_cat":[15],"product_tag":[],"class_list":{"0":"post-569","1":"product","2":"type-product","3":"status-publish","4":"has-post-thumbnail","6":"product_cat-bez-kategorii","8":"first","9":"instock","10":"shipping-taxable","11":"purchasable","12":"product-type-simple"},"jetpack_sharing_enabled":true,"_links":{"self":[{"href":"https:\/\/sklepik.podgorze.pl\/index.php\/wp-json\/wp\/v2\/product\/569","targetHints":{"allow":["GET"]}}],"collection":[{"href":"https:\/\/sklepik.podgorze.pl\/index.php\/wp-json\/wp\/v2\/product"}],"about":[{"href":"https:\/\/sklepik.podgorze.pl\/index.php\/wp-json\/wp\/v2\/types\/product"}],"wp:featuredmedia":[{"embeddable":true,"href":"https:\/\/sklepik.podgorze.pl\/index.php\/wp-json\/wp\/v2\/media\/570"}],"wp:attachment":[{"href":"https:\/\/sklepik.podgorze.pl\/index.php\/wp-json\/wp\/v2\/media?parent=569"}],"wp:term":[{"taxonomy":"product_brand","embeddable":true,"href":"https:\/\/sklepik.podgorze.pl\/index.php\/wp-json\/wp\/v2\/product_brand?post=569"},{"taxonomy":"product_cat","embeddable":true,"href":"https:\/\/sklepik.podgorze.pl\/index.php\/wp-json\/wp\/v2\/product_cat?post=569"},{"taxonomy":"product_tag","embeddable":true,"href":"https:\/\/sklepik.podgorze.pl\/index.php\/wp-json\/wp\/v2\/product_tag?post=569"}],"curies":[{"name":"wp","href":"https:\/\/api.w.org\/{rel}","templated":true}]}}