{"id":450,"date":"2024-05-20T18:00:09","date_gmt":"2024-05-20T16:00:09","guid":{"rendered":"https:\/\/sklepik.podgorze.pl\/?post_type=product&#038;p=450"},"modified":"2026-05-11T09:47:30","modified_gmt":"2026-05-11T07:47:30","slug":"kubek-dumny-podgorzanin-300-ml","status":"publish","type":"product","link":"https:\/\/sklepik.podgorze.pl\/index.php\/produkt\/kubek-dumny-podgorzanin-300-ml\/","title":{"rendered":"Kubek Dumny Podg\u00f3rzanin 300 ml"},"content":{"rendered":"<p>Ka\u017cdy dumny Podg\u00f3rzanin mo\u017ce cieszy\u0107 si\u0119 ulubionym napojem dzi\u0119ki r\u0119cznie malowanemu kubkowi stworzonemu dla Stowarzyszenia Podgorze.pl przez pracowni\u0119 Faramuszka \ud83d\ude42<\/p>\n<p>Pojemno\u015b\u0107 300 ml, polska ceramika.<\/p>\n","protected":false},"excerpt":{"rendered":"<p>Ka\u017cdy dumny Podg\u00f3rzanin mo\u017ce cieszy\u0107 si\u0119 ulubionym napojem dzi\u0119ki r\u0119cznie malowanemu kubkowi stworzonemu dla Stowarzyszenia Podgorze.pl przez pracowni\u0119 Faramuszka \ud83d\ude42 Pojemno\u015b\u0107 300 ml, polska ceramika.<\/p>\n","protected":false},"featured_media":616,"template":"","meta":[],"product_brand":[],"product_cat":[23],"product_tag":[],"class_list":{"0":"post-450","1":"product","2":"type-product","3":"status-publish","4":"has-post-thumbnail","6":"product_cat-kubki","8":"first","9":"instock","10":"shipping-taxable","11":"purchasable","12":"product-type-simple"},"jetpack_sharing_enabled":true,"_links":{"self":[{"href":"https:\/\/sklepik.podgorze.pl\/index.php\/wp-json\/wp\/v2\/product\/450","targetHints":{"allow":["GET"]}}],"collection":[{"href":"https:\/\/sklepik.podgorze.pl\/index.php\/wp-json\/wp\/v2\/product"}],"about":[{"href":"https:\/\/sklepik.podgorze.pl\/index.php\/wp-json\/wp\/v2\/types\/product"}],"wp:featuredmedia":[{"embeddable":true,"href":"https:\/\/sklepik.podgorze.pl\/index.php\/wp-json\/wp\/v2\/media\/616"}],"wp:attachment":[{"href":"https:\/\/sklepik.podgorze.pl\/index.php\/wp-json\/wp\/v2\/media?parent=450"}],"wp:term":[{"taxonomy":"product_brand","embeddable":true,"href":"https:\/\/sklepik.podgorze.pl\/index.php\/wp-json\/wp\/v2\/product_brand?post=450"},{"taxonomy":"product_cat","embeddable":true,"href":"https:\/\/sklepik.podgorze.pl\/index.php\/wp-json\/wp\/v2\/product_cat?post=450"},{"taxonomy":"product_tag","embeddable":true,"href":"https:\/\/sklepik.podgorze.pl\/index.php\/wp-json\/wp\/v2\/product_tag?post=450"}],"curies":[{"name":"wp","href":"https:\/\/api.w.org\/{rel}","templated":true}]}}